t common factor of 108450 and 300?
150
Calculate the greatest common divisor of 32 and 2014528.
32
What is the greatest common divisor of 12 and 62766?
6
Calculate the greatest common factor of 600 and 5475.
75
What is the highest common factor of 5724 and 1884?
12
Calculate the greatest common divisor of 19726 and 189.
7
Calculate the highest common divisor of 26 and 526929.
13
Calculate the greatest common factor of 21938 and 9562.
14
What is the greatest common divisor of 286668 and 36?
36
What is the highest common divisor of 1635 and 165?
15
What is the highest common divisor of 162081 and 1242?
621
Calculate the highest common factor of 292 and 3516702.
146
Calculate the greatest common divisor of 3619 and 658.
329
Calculate the highest common divisor of 368 and 19088.
16
What is the greatest common divisor of 12012 and 2072928?
1716
What is the highest common factor of 928 and 98948?
116
Calculate the highest common divisor of 912967 and 11.
11
Calculate the highest common divisor of 63124 and 9909.
367
Calculate the highest common factor of 30 and 1003800.
30
Calculate the greatest common divisor of 343574 and 231.
77
What is the greatest common divisor of 544 and 326672?
272
Calculate the greatest common factor of 28020 and 80.
20
What is the highest common divisor of 949 and 6513?
13
Calculate the highest common factor of 3230 and 2755.
95
Calculate the greatest common factor of 112320 and 640.
320
What is the greatest common factor of 123012 and 24924?
804
What is the greatest common divisor of 663738 and 18?
6
Calculate the highest common divisor of 106476 and 28487.
467
Calculate the greatest common factor of 3553 and 4301.
187
What is the highest common divisor of 571446 and 18126?
954
Calculate the greatest common factor of 56130 and 10.
10
Calculate the greatest common divisor of 36 and 1182.
6
Calculate the greatest common divisor of 370864 and 16.
16
Calculate the highest common divisor of 4069008 and 432.
432
Calculate the greatest common factor of 82 and 1755989.
41
Calculate the highest common factor of 41 and 25174.
41
What is the highest common factor of 25 and 31825?
25
What is the greatest common factor of 41 and 1488833?
41
Calculate the highest common factor of 24 and 581692.
4
Calculate the highest common divisor of 101 and 101909.
101
What is the highest common divisor of 135 and 1795?
5
Calculate the highest common divisor of 1288 and 598.
46
Calculate the greatest common divisor of 29915 and 310.
155
Calculate the highest common factor of 111265 and 1683.
187
Calculate the greatest common factor of 1183357 and 497.
497
Calculate the highest common divisor of 78 and 125619.
39
Calculate the greatest common factor of 1100 and 104852.
44
What is the greatest common divisor of 12928 and 130694?
202
What is the greatest common divisor of 22288 and 1008?
112
What is the greatest common factor of 95275 and 185?
185
What is the greatest common divisor of 8678 and 2?
2
What is the highest common divisor of 594 and 3240?
54
What is the highest common divisor of 474 and 149784?
474
What is the greatest common divisor of 294 and 231?
21
What is the greatest common factor of 155705 and 187?
11
Calculate the greatest common factor of 14674 and 10643.
29
What is the highest common factor of 110 and 1408165?
55
Calculate the highest common factor of 7414 and 1254.
22
What is the highest common factor of 554 and 98?
2
What is the greatest common divisor of 123522 and 9342?
1038
Calculate the highest common factor of 1248 and 608.
32
Calculate the greatest common divisor of 18 and 1395.
9
What is the greatest common divisor of 407 and 5071?
11
What is the highest common factor of 18 and 33690510?
18
Calculate the greatest common factor of 37086 and 98.
14
Calculate the greatest common factor of 13 and 109993.
13
Calculate the greatest common factor of 23788 and 152.
76
What is the greatest common divisor of 580 and 60755?
145
What is the highest common divisor of 3009 and 107321?
1003
What is the highest common divisor of 6968 and 2054?
26
Calculate the highest common divisor of 2684 and 1221.
11
Calculate the greatest common factor of 486 and 1989765.
81
Calculate the greatest common divisor of 6534 and 24288.
66
Calculate the greatest common factor of 10628 and 8.
4
Calculate the greatest common factor of 3157024 and 1248.
416
What is the highest common divisor of 832 and 5213?
13
What is the greatest common factor of 288 and 5571?
9
Calculate the greatest common factor of 105 and 97923.
21
Calculate the greatest common factor of 18 and 464328.
18
Calculate the highest common factor of 156 and 7683.
39
Calculate the greatest common divisor of 308226 and 1692.
282
What is the highest common factor of 28220 and 2040?
340
Calculate the greatest common divisor of 129538 and 1434.
478
Calculate the highest common divisor of 94 and 13066.
94
What is the highest common factor of 1875 and 51900?
75
Calculate the highest common factor of 7302 and 60.
6
What is the greatest common divisor of 2305 and 25?
5
Calculate the highest common factor of 6075 and 810.
405
Calculate the greatest common factor of 684673 and 67.
67
What is the highest common divisor of 651 and 19964?
217
Calculate the greatest common divisor of 152658 and 216.
54
Calculate the highest common factor of 237 and 618491.
79
What is the greatest common factor of 8778 and 393015?
399
Calculate the greatest common divisor of 13971 and 180.
3
What is the highest common factor of 117 and 2509?
13
Calculate the greatest common divisor of 324 and 239517.
81
Calculate the greatest common divisor of 156 and 11310.
78
Calculate the highest common factor of 207 and 1134.
9
What is the highest common divisor of 21006 and 54?
54
What is the highest common factor of 1034 and 236269?
517
Calculate the greatest common factor of 294 and 2155272.
42
Calculate the highest common factor of 388322 and 55.
11
What is the highest common divisor of 1107 and 216?
27
Calculate the highest common divisor of 116 and 4388.
4
What is the highest common factor of 12562 and 132?
22
What is the highest common divisor of 26 and 37193?
13
Calculate the highest common factor of 2472 and 154912.
824
What is the greatest common factor of 98 and 67571?
49
Calculate the greatest common divisor of 780 and 440180.
260
Calculate the highest common divisor of 22 and 206173.
11
Calculate the highest common factor of 58752 and 74664.
1224
What is the greatest common divisor of 126 and 88326?
126
Calculate the highest common factor of 743076 and 9.
9
What is the greatest common factor of 4619025 and 15?
15
What is the greatest common divisor of 3948 and 48?
12
What is the highest common divisor of 8153 and 1333?
31
Calculate the highest common divisor of 116118 and 54.
18
Calculate the highest common factor of 11025 and 405.
45
Calculate the highest common divisor of 52 and 6877.
13
What is the highest common factor of 1869 and 15041?
89
What is the highest common factor of 336 and 2286900?
84
Calculate the greatest common divisor of 6020 and 95460.
860
Calculate the highest common factor of 14469 and 20832.
21
What is the greatest common factor of 245937 and 219?
219
Calculate the highest common factor of 370 and 1752505.
185
What is the greatest common divisor of 3960 and 18108?
36
Calculate the greatest common divisor of 237 and 4.
1
Calculate the greatest common factor of 2713688 and 64.
8
What is the greatest common divisor of 34 and 18751?
17
What is the greatest common divisor of 17112 and 6072?
552
Calculate the highest common divisor of 8955 and 153.
9
What is the greatest common divisor of 4 and 2761?
1
What is the greatest common factor of 14835 and 12765?
345
Calculate the greatest common divisor of 1791 and 153031.
199
What is the highest common divisor of 2585844 and 207?
207
What is the greatest common divisor of 1818 and 90?
18
Calculate the highest common factor of 806 and 130.
26
What is the greatest common divisor of 624 and 31044?
156
What is the greatest common divisor of 186768 and 96?
48
What is the greatest common factor of 148261 and 1730?
173
Calculate the greatest common divisor of 47508 and 19536.
444
What is the highest common divisor of 584265 and 30?
15
What is the highest common fa